Suppose 8*f + 8 = 4*f. Calculate h(f).
8
Let y be 1/2 - (-6)/4. Let n(g) = 2 - 7 - y*g + 0. Let q = -50 + 46. Determine n(q).
3
Let u = 1 - -2. Let i(d) be the first derivative of -u + 0*d + 1/2*d**2. What is i(5)?
5
Let n(a) = -a**2 - 6*a + 3. Let d(h) = -h**2 + 3*h + 4. Let x be d(5). Give n(x).
3
Suppose -24 = 5*g - l, 0 = -4*g - 4*l - 11 - 13. Let f(y) = -y - 4. Calculate f(g).
1
Let j(n) = -n - 15. Suppose r - 4 = -4. What is j(r)?
-15
Let n(l) = -200 + 3*l + 389 - 195. What is n(4)?
6
Let m(s) = 21*s**3 + s**2 - 1. Suppose -c - 20 = -19. Calculate m(c).
-21
Let c(h) = 9*h - 3. Let x(o) = -o. Let n(b) = -c(b) - 5*x(b). What is n(2)?
-5
Let y be (-7)/(14/(-8)) - 9. Let m(x) = -x**3 - 5*x**2 - 5. Determine m(y).
-5
Suppose -3*o = -o + 8. Let j(p) = -p - 5 + 3*p - 5*p. Determine j(o).
7
Let x(z) be the first derivative of z**7/840 - z**6/360 - z**5/120 - 3*z**4/8 + z**3/3 + 3. Let h(g) be the third derivative of x(g). Determine h(0).
-9
Suppose -h = -3*z - 13, 2*h + 19 = 3*h - 5*z. Suppose 3*p = p + h. Let y(f) = 0 + f**2 + 1 + 2*f - 4. What is y(p)?
5
Let c be ((-3)/(-1))/(-3 + 4). Suppose -c*m + m = 12. Let f(k) be the second derivative of -k**4/12 - k**3 - 2*k**2 - k. Determine f(m).
-4
Let d(k) = 8*k + 11. Let a(f) = -9*f - 12. Let z(i) = 7*i**2 - i. Let w be z(1). Let j(u) = w*d(u) + 5*a(u). Calculate j(-4).
-6
Suppose 0 = -4*j + 2*k - 2, 2*j - 11 + 2 = -k. Let i(v) = 0*v**j - 6*v - 2 - 2 - v**2. Suppose 2*u = 4*u + 6. Give i(u).
5
Let m be 1*1/(0 - -1). Let f(w) be the first derivative of -w - 1 - 1/2*w**2. Calculate f(m).
-2
Let w = -5 - -1. Let q(u) = 8*u - 8. Let j(y) = -3*y + 3. Suppose -37 = 2*p - 3*c, -p + c + 50 = -6*p. Let b(m) = p*j(m) + w*q(m). Determine b(1).
0
Suppose -15 = u - 20. Let y(l) be the third derivative of l**6/120 - l**5/12 - l**4/12 - l**2. Calculate y(u).
-10
Let d(k) = k - 10. Suppose 16 = -0*p + 4*p. Suppose -3*v - 5*m = -40, -5*m + 6 = -p*v + 1. Let a = -5 + v. Determine d(a).
-10
Suppose 4*h - 2 = 3*i, -3*i - 2*i + 5*h + 5 = 0. Let o(a) = -a**2 + 6*a + 2. Determine o(i).
2
Let f be ((-10)/6)/5*-6. Let c(o) = -6*o**3 - o**f - 8*o**3 + 13*o**3. Give c(0).
0
Let m(n) be the second derivative of -n**4/3 - n**3/3 + n**2/2 + 5*n. Let c = 1 - 0. What is m(c)?
-5
Let c(i) = i**2 - 4*i + 6. Let f be c(4). Let t(n) = n**2 - 7*n + 6. Calculate t(f).
0
Let v(c) = -1 - 3 - 2*c - 4. What is v(-6)?
4
Let w(t) = t + 16. Let i be w(-7). Suppose 2*q + i = -q. Let k = q + 6. Let d(s) = -s. Calculate d(k).
-3
Let g be (-1)/(-2)*-3*-2. Let n(m) be the first derivative of 1/3*m**g + 0*m**2 - 1/4*m**4 + 2 + 7*m. What is n(0)?
7
Let u(s) be the first derivative of 2*s + 3*s**2 + 1/3*s**3 + 1. Calculate u(-5).
-3
Let k = 1 + -1. Let i(d) = -d + 5. Let a be i(k). Let n(p) = p**2 - 4*p + 7. Give n(a).
12
Let c(l) = l**3 - l + 2. Let p be c(0). Let h(z) = 1 - 2 - z**3 + 3*z**p + 0 + 2*z. Give h(4).
-9
Suppose -2*w - 9 = 5*h, h + 3*h = 5*w + 6. Let k(g) be the second derivative of 0 + 1/10*g**5 - g**2 - 1/3*g**3 - 3*g + 1/6*g**4. Give k(w).
-6
Let d(m) be the first derivative of 3/2*m**2 - 1 + 0*m. Let v(i) = 3*i. Let k(a) = -4*d(a) + 3*v(a). Determine k(3).
-9
Let y(u) = 4*u - u + 0*u**2 + 3*u + 1 + u**2. Give y(-6).
1
Let v(t) = -3*t - 14. Let b(z) = -7 + 2*z + 5 + 9. Let s(f) = -5*b(f) - 3*v(f). Determine s(0).
7
Let m(v) = -v**2 - 6*v - 2. Let n(d) = -d + 3. Let t(y) = y - 3. Let x(r) = -4*n(r) - 3*t(r). Let g be x(3). Let a be g + 4*2/(-2). Determine m(a).
6
Let b(n) = -n + 4. Let z be b(2). Let m(j) = -4 + j**2 + 3 + 0*j**z - 3. Calculate m(3).
5
Suppose -z - 6 = -2*p, -2*z + 0*z + 33 = 5*p. Let i(a) = a**2 + 1. Let y(s) = 4*s**2 - 2*s + 2. Let d(b) = -3*i(b) + y(b). Give d(z).
7
Let f be (3 + 9)*(-2)/4. Let a(d) be the third derivative of d**5/60 + 7*d**4/24 + 3*d**3/2 + d**2. Give a(f).
3
Let l(i) = i**2 - 4*i + 2. Let j(a) be the second derivative of a**4/12 + 2*a**3/3 + 3*a**2/2 - 2*a. Let c be j(-4). Give l(c).
-1
Suppose j + 3*x - 24 = 0, 5*x - 45 = -0*j - 2*j. Suppose 0 = -2*t - 3*t + j. Let z = -3 + t. Let w(k) = k + 7. What is w(z)?
7
Let q be 2*6/8*8/4. Let b(g) = -4*g - 4. Give b(q).
-16
Suppose 0 = -i - 5, 73 = x + 2*x - 5*i. Suppose 2*v = -3*m - x, -3*m + v = -0*m + 1. Let o(u) = -u**2 + 2*u + 3. Calculate o(m).
-5
Suppose 3*f - 2 = 4. Let c = -5 - -8. Let o(w) = 2*w**3 + 5 - 4 + f*w**2 + 0 - c*w**2. Determine o(-1).
-2
Let w(c) = c**2 - 1. Let i be w(-1). Suppose 0 = 3*k - i*k. Let b(t) = t - 7. Determine b(k).
-7
Let d(f) = f + 4 - 1 + 0*f. Let o be d(0). Let u(k) = k - 3*k + 4 - 1. Calculate u(o).
-3
Suppose 0*u = u - 4. Let q(z) = z + 4. Give q(u).
8
Let m(k) = -k**3 + 5*k**2 - 2*k + 1. Let y = -9 - -14. Calculate m(y).
-9
Let y(c) = -3*c + 3 + 3*c**2 + 2*c**3 - 2 + 2 - c**3. What is y(-4)?
-1
Suppose 3*y = -y + 8. Let s(j) = 4 - 3 - 5*j**2 + j**2 - j**y. Determine s(-1).
-4
Let k(t) = t**2 - 6*t - 3. Let s be k(7). Let n be (2/s)/((-3)/(-12)). Let r(a) = 3 - a**3 + 2*a + 5*a + 2 - 2*a**n. Give r(-4).
9
Let f(g) = -76*g - g**2 - 4 + 0*g**2 + 80*g. Let j = -22 - -38. Suppose 5*z - 22 = -2*q, 5*z - 4*q = -0*q + j. Determine f(z).
-4
Let y(a) = -a - 3. Let t be y(-6). Let c(h) = -3*h**2 + t + 0*h**2 + 6*h + 4*h**2. Determine c(-6).
3
Let c(r) = 6 - 6*r**2 + 5*r - 17*r - r**3 + 8*r. Determine c(-5).
1
Let r(l) = 2*l**3 - l**2 + l. Let n(v) = 0*v**3 - 3*v + v**3 + 2*v + 1. Let p = 24 - 23. Let h be n(p). Determine r(h).
2
Let b(y) = -y - 2. Suppose -3*w = 8 + 1. Determine b(w).
1
Let a be (3 + -4)/((-2)/(-6)). Suppose 12 = 2*l + 2*l. Let k(z) = -4 - z**l - 2*z**2 + 6*z - 6*z. Give k(a).
5
Let r(o) = -8*o**2 + o + 2. Let f(x) = 16*x**2 - 2*x - 5. Let k(y) = 2*f(y) + 5*r(y). Let g = -1 + 3. Suppose 13 = d + 4*q, -4*d + g*d = q - 5. Calculate k(d).
-7
Let a(c) = 6*c**3 + 2*c**2 - 1. Let s = -1 - 0. Let o be a(s). Let r(d) = -10 + 3*d - 5*d + d. Calculate r(o).
-5
Let x(w) = w**2 - 11*w + 8. Let r(f) = -f. Let t(a) = -3*r(a) + x(a). What is t(6)?
-4
Let b(w) = -w + 1. Let h be (5/(-15))/((-1)/(-6)). Let r be b(h). Let n(j) = r*j**2 + 6*j**2 - 3*j**2. Determine n(1).
6
Let l(c) = -c**2 - 8. Let g(n) = -n - 24. Let x be g(0). Let d = -24 - x. Calculate l(d).
-8
Suppose 8 - 20 = -4*a. Let b(q) be the second derivative of -a*q + 0 + 1/12*q**4 + 1/3*q**3 - 3*q**2. Calculate b(-5).
9
Let p(z) = -z + 1. Suppose -19*b + 5*b = -112. What is p(b)?
-7
Let z(s) = s - 1. Let h = 5 + -2. Let x be (-8)/6*(0 + h). Let w be x*2/(24/(-15)). Give z(w).
4
Let c = -54 - -58. Let h(p) = -p**3 + 4*p**2 + 2*p - 5. Determine h(c).
3
Suppose x - 6*l - 8 = -l, -5*x + 3*l = -40. Let t(h) = 2*h + h**2 + x*h - 5*h + 6. Determine t(-5).
6
Let r(l) = 7*l**2 + l - 1. Let s be (-18)/(-45) + 6/10. Calculate r(s).
7
Let i(h) = h**2 - 9*h + 9. Let z be i(7). Let q = z + 5. Suppose f + q*f - 2 = 0. Let t(v) = 2*v**3 - 4*v**2 + 4*v - 2. Calculate t(f).
6
Let s(b) = b**2 + b + 2. Let l(u) = -7*u**2 - 12*u - 6. Let g(p) = -l(p) - 6*s(p). Give g(-6).
-6
Suppose 3 - 31 = -l + 5*c, 27 = 4*l - 3*c. Let b(k) = 3 - l*k - 2*k + 7*k - 3*k. What is b(0)?
3
Let o(m) = m**3 - 5*m**2 + 3*m - 2. Suppose -6*n + 12 = -3*n. Determine o(n).
-6
Let l = 12 - 10. Suppose -u + 3*t - 10 = 0, 2*t = -l*u + 7*t - 18. Let q(k) = -k**2 - 6*k - 4. Give q(u).
4
Let s(h) = -h**3 + 5*h**2 + 6*h + 8. Let d be s(6). Suppose -5*k + 10 = 0, -4*f + 2*k + 4 = d. Let a(x) = f - 4 + 4*x - 5*x. What is a(-4)?
0
Suppose -3*r + 13 - 4 = 0. Let w(b) = b + 3. Let g(k) = 2*k + 4. Let l(u) = r*g(u) - 4*w(u). Give l(1).
2
Let d(x) = 2*x + 3. Let p = 4 + -1. Give d(p).
9
Let j(s) = 27*s - 5. Let h(k) = 14*k - 3. Let d(z) = -10*h(z) + 6*j(z). Determine d(-1).
-22
Let v(n) be the third derivative of n**6/120 - 2*n**5/15 + 3*n**4/8 - 4*n**3/3 + 33*n**2. Calculate v(6).
-26
Let t(s) be the second derivative of -2*s**2 - 5/6*s**3 - 1/12*s**4 + 0 - 4*s. Give t(-4).
0
Let d(k) be the second derivative of -1/3*k**3 + 0*k**2 - k + 1/360*k**6 - 1/30*k**5 + 0 + 1/6*k**4. Let l(o) be the second derivative of d(o). Calculate l(3).
1
Let x(t) = -5*t - 5. Let w(g) = -3*g - 2. Let m(p) = 7*w(p) - 4*x(p). Determine m(-7).
13
Let n(l) = -10*l + 6*l - 1 + 4*l - 3*l. Calculate n(-7).
20
Let c(j) be the third derivative of -j**4/24 - 18*j**2. Determine c(0).
0
Let z = -6 + 1. Let i(q) = -q**3 - q - 3. Let l(o) = -o**3 - o**